-18. Let c(y) = -4*y + 3 - 2 - y**2 + 2*y**f. Calculate the remainder when 11 is divided by c(5).
5
Let r(v) be the second derivative of v**5/20 + v**4/2 + v**3/2 + 4*v**2 - 3*v. Let m be r(-7). Let u = m - -119. What is the remainder when u is divided by 20?
17
Let x be (-4)/18 - (-40)/18. Suppose -2*l = -6*l + 72. Suppose -b + l = x*b. Calculate the remainder when b is divided by 4.
2
Calculate the remainder when ((-1)/(-8)*82)/((-2)/(-16)) is divided by 22.
16
What is the remainder when 1344 - 1 - (-576)/(-48) is divided by 18?
17
Let l(r) = r**3 + 13*r**2 - 12*r + 15. Let d be l(-14). Let u(w) = -w**2 - 15*w - 18. Calculate the remainder when u(d) is divided by 4.
0
Let x be (-4)/(-8) + (-33)/(-6). Suppose g + g = x. Suppose 0 = -g*o + 33 + 21. What is the remainder when 71 is divided by o?
17
Let c(a) = -a**3 - 10*a**2 + 24*a. Let h be c(-12). Suppose h = -2*z + 5*t + 139, -2*t = 4*z - 6*t - 308. What is the remainder when z is divided by 23?
13
Suppose 2*i = 5*h + 23, -h + 18 + 4 = i. Suppose -623 = -4*n + 3*q, -3*n + 2*q + 400 + 66 = 0. Let y = -77 + n. What is the remainder when y is divided by i?
18
Suppose -2*i - 261 = -4*w - 67, -i - 244 = -5*w. Let n = -20 - -8. Let l(s) = -s + 1. Calculate the remainder when w is divided by l(n).
10
Let c(y) = 50*y**2 + 1. Let q(t) = -4*t + 66. Calculate the remainder when c(-1) is divided by q(10).
25
Suppose -4*q + 51 = -5*b, 45 = 4*q - 4*b - 11. Suppose 0 = 2*j - 5*j, 35 = 7*m + 2*j. Calculate the remainder when q is divided by m.
4
Let f(p) = -p**2 - p + 58. Suppose -3*x + 5*x - 40 = 0. Calculate the remainder when f(0) is divided by x.
18
Suppose -3*z + 4*t + 36 = t, 0 = -2*t + 6. Suppose 3*m - 47 - 40 = 0. Calculate the remainder when m is divided by z.
14
Let k be 2/(-4)*(2 - 0). Let n(y) = -15*y - 2. Let v = 130 + -79. What is the remainder when v is divided by n(k)?
12
Suppose i - 15 = -0*i. Suppose 4*l + 4 = 4*x - 76, x + 3*l - 36 = 0. Suppose -w = n - x, 2*w + 0*n - 4*n - 66 = 0. What is the remainder when w is divided by i?
12
Let l = -604 - -607. What is the remainder when 19 is divided by l?
1
Let g(o) = 157*o - 82. What is the remainder when g(3) is divided by 15?
14
What is the remainder when 208 is divided by 36366/684 - 2/12?
49
Let b = 390 + -339. What is the remainder when b is divided by 11?
7
Let f(p) = p**2 + 12*p + 26. Let h(i) = -9*i**2 + 3*i + 1. Let r be h(-1). Let a = 18 - 12. What is the remainder when f(r) is divided by a?
3
Suppose -2*z + 107 = m + 3, 5*z + 312 = 3*m. What is the remainder when m is divided by 104?
0
Let f(q) = -q**3 - 18*q**2 + 6*q - 9. Let j(o) = o**2 - o - 1. Let n(i) = -f(i) - 6*j(i). Calculate the remainder when 42 is divided by n(-12).
12
Suppose 38 = 2*c + 2*o - 6*o, 4*c - 4*o = 64. Let f = -2 - -3. Let r = f - -7. Calculate the remainder when c is divided by r.
5
Calculate the remainder when 251 is divided by 560/(-32)*12/(-5).
41
Suppose 1 = -g + 3*t + 17, 3*t + 3 = 0. Let j(k) = -5*k - 136. What is the remainder when j(-34) is divided by g?
8
Let l be ((-40)/(-25))/(2/5). Suppose 3*g = 3*f - 33, f = 4*g - l + 15. What is the remainder when 32 is divided by f?
10
Suppose -62*l = -77*l + 3000. What is the remainder when l is divided by 34?
30
Suppose -3*v - 7 = 5. What is the remainder when v + 0 + 4 + 40 is divided by 7?
5
Suppose 0*u = -3*k - 3*u, 8 = 4*u. Let o(i) = 20*i**2 - i + 1. What is the remainder when o(k) is divided by 21?
20
Let s = -44 + 133. Calculate the remainder when 798 is divided by s.
86
Calculate the remainder when (19/3)/((-79)/(-474)) is divided by 19.
0
Suppose 0 = 4*p + 6*p - 260. What is the remainder when p is divided by 4?
2
Let j be 8/(-6)*(-2 - 13). Suppose 0 = 5*w + n - j, -2*n + 5 + 8 = w. What is the remainder when 11 is divided by w?
2
Let p(d) be the second derivative of -53*d**3/3 + 3*d**2/2 + 13*d. What is the remainder when p(-1) is divided by 28?
25
Suppose 4*n = -0*u - 5*u + 38, -5*u + n = -53. Suppose -3*i = -2*i - u. What is the remainder when i is divided by 6?
4
Let o(f) = 12*f**2 + 2*f - 3. Let k be o(2). Suppose 3*q = k + 95. Suppose 4*t = -4*h + q - 16, 3*t = 3. What is the remainder when 18 is divided by h?
4
Suppose -4*d + 4*v = -4, 12*d - 16*d = v - 29. Suppose 1 = -5*m + 3*t + 36, -2*t = 5*m - 10. Calculate the remainder when d is divided by m.
2
Suppose -13*r = -18*r + 295. What is the remainder when r is divided by 20?
19
Calculate the remainder when 35 is divided by 7/((-35)/10) + (4 - -5).
0
Let a(n) = -n. Let g = -21 + 15. Suppose -4*u - 52 = -4*j, -4 + 6 = -u. What is the remainder when j is divided by a(g)?
5
Suppose -t - 1 - 4 = 2*y, 21 = 3*t - 3*y. Let v be (0 - t - -7) + 2. Let q = v + 1. Calculate the remainder when q is divided by 5.
2
Suppose -5*x - 79 = -b - x, 2*b = x + 137. Let k(c) = 13*c**2 + 3*c - 2. What is the remainder when b is divided by k(1)?
11
Calculate the remainder when 125 is divided by (-45)/30*42/(-1).
62
Let x = -26 - -51. Let j = -12 - -16. Suppose j*o + 2 - 13 = -b, 4*o + 31 = 5*b. Calculate the remainder when x is divided by b.
4
Let w(n) = 4*n - 12. Let z be 2/3 + (-320)/(-24). Calculate the remainder when w(z) is divided by 24.
20
Let k = -135 - -71. Let g = k + 74. Calculate the remainder when 18 is divided by g.
8
Suppose -4*c - 304 = -12*c. What is the remainder when 263 is divided by c?
35
Suppose -3*h - u + 18 = 2*u, 0 = 5*u - 20. Let p(z) = -20*z - 4. Let g be p(-3). Suppose -h*w = -56 - g. Calculate the remainder when w is divided by 29.
27
Let t(g) = g**3 + 8*g**2 - 7*g - 5. Suppose 2*k - 11 = 25. What is the remainder when t(-8) is divided by k?
15
Let f = -40 + 64. Suppose -4*g = -48 + f. Suppose -4*k - 2*t = -12, -4*k - 3*t = 2*t - 12. Calculate the remainder when g is divided by k.
0
Suppose -4*o - 5*a = 97 - 25, 5*o - 5*a + 45 = 0. What is the remainder when 69 is divided by (-92)/23 - o*1?
6
Suppose -24 + 18 = -3*y. What is the remainder when 9 is divided by y?
1
Suppose 4*p - 16 = 8. Let c = -18 - -27. Calculate the remainder when (-2)/p + (-365)/(-15) is divided by c.
6
Suppose -2*u = 5 + 1. Let m = u - -16. Suppose 5*q = -4*n + 25, -q + 3*n = q + m. What is the remainder when 3 is divided by q?
0
Calculate the remainder when 160 is divided by (-2)/(8/90)*180/(-75).
52
What is the remainder when 196 is divided by ((-80)/(-95))/8 - 1290/(-19)?
60
Let h(y) = y**3 - 3*y**2 - 3*y + 7. Let r be h(3). Calculate the remainder when 17 is divided by (-16)/r - (-22)/11.
7
Let n(i) be the third derivative of i**6/120 + i**5/6 - i**4/24 + 11*i**3/6 + 7*i**2. What is the remainder when n(-10) is divided by 6/4*8/2?
3
Let t = -9 + 15. Calculate the remainder when 1/t + (-5 - 745/(-30)) is divided by 6.
2
Calculate the remainder when 20 is divided by ((104/16)/(-13))/(2/(-8)).
0
Let c(i) = 3*i**2 + 7*i - 6. Let p be c(-6). Suppose -2*d = d - p. Calculate the remainder when ((-35)/d)/(2/(-8)) is divided by 4.
3
Suppose 0*j = 3*j. Calculate the remainder when (638/(-22))/((-2)/4) is divided by 20 + j - (2 + -2).
18
Let x(z) = -z**3 + z**2 + 12. Let n(d) = -d**3 + 12*d**2 + 14*d - 24. Let m be n(13). What is the remainder when (-510)/(-22) - (-2)/m is divided by x(0)?
11
Calculate the remainder when ((-29 + 5)/12)/(2/(-213)) is divided by 94.
25
Suppose 3*k - 6 = 3*y, y = k - 2*k + 6. Suppose 0 = k*l - 0*l - a - 79, 48 = 3*l + 3*a. Calculate the remainder when 54 is divided by l.
16
Suppose c - 4*a + 10 = -2*c, 10 = 3*c + a. Let s(l) = 7*l + 2 - l + 0 + c. Calculate the remainder when s(5) is divided by 12.
10
Let k = 12 + -7. Let m(c) = 8*c**2 + 4*c + 1. Let v be m(-1). Suppose 2*b + 0*b - 17 = -o, -o = k*b - v. What is the remainder when o is divided by 14?
11
Let q = 67 + -46. Let j(c) be the third derivative of c**5/60 - c**4/24 - 2*c**3/3 - c**2. What is the remainder when q is divided by j(4)?
5
Suppose -12*i - 32 = -8*i. Let u(n) = -n**2 - 6*n + 10. Let d be u(i). Calculate the remainder when (d/(-21))/(4/308) is divided by 8.
6
Suppose -t + 558 = 3*a, -4*a - t - 186 = -5*a. What is the remainder when a is divided by 39?
30
Suppose 5*w = -4*m + 22, -3*w = -5*w + 5*m + 22. Suppose -2*t = -w*t + 16. What is the remainder when 54 is divided by (-403)/(-26) - 6/t?
12
Let l be (3 + -2)/((-1)/6). Let i(x) = x**3 + 5*x**2 - 10*x - 7. Calculate the rem